{"id":178,"date":"2017-04-05T21:56:22","date_gmt":"2017-04-05T21:56:22","guid":{"rendered":"http:\/\/kreativ-mit-sinn.de\/?page_id=178"},"modified":"2017-04-05T22:20:38","modified_gmt":"2017-04-05T22:20:38","slug":"ich-bin-ich","status":"publish","type":"page","link":"http:\/\/kreativ-mit-sinn.de\/?page_id=178","title":{"rendered":"Ich bin Ich!"},"content":{"rendered":"<h4><img loading=\"lazy\" decoding=\"async\" class=\"alignleft size-full wp-image-174\" src=\"http:\/\/kreativ-mit-sinn.de\/wp-content\/uploads\/2017\/04\/ich.jpg\" alt=\"\" width=\"250\" height=\"250\" srcset=\"http:\/\/kreativ-mit-sinn.de\/wp-content\/uploads\/2017\/04\/ich.jpg 250w, http:\/\/kreativ-mit-sinn.de\/wp-content\/uploads\/2017\/04\/ich-150x150.jpg 150w\" sizes=\"auto, (max-width: 250px) 100vw, 250px\" \/><\/h4>\n<p>&nbsp;<\/p>\n<p>Wir erforschen Fragen zu deinem Leben: Was geh\u00f6rt zu mir und meinem Leben? Welche St\u00e4rke kann ich in mir finden? Welches Gef\u00fchl ist mir gerade wichtig? Wo f\u00fchle ich mich wohl und geborgen?<\/p>\n<p>Dazu kleben wir eine Collage, malen, h\u00f6ren kleine Geschichten, kleiden eine Schuhschachtel und gestalten mit Stoffen und Krimskrams.<\/p>\n<p>Jeder gestaltet dabei die vorgegebene Grundidee auf seine ganz eigene individuelle Weise.<\/p>\n<p>Es kommt vor allem darauf an, Neues zu entdecken, was dir gut tut und dich st\u00e4rkt, ohne Leistungsdruck, ohne k\u00fcnstlerische Erwartung und ohne Bewertung.<\/p>\n<p>Der Kurs ist f\u00fcr Kinder von 5 \u2013 10 Jahren.<\/p>\n<p>Wir bleiben in einer kleinen Gruppe bis 6 Kinder.<\/p>\n<p>Du brauchst keine Vorkenntnisse.<\/p>\n<p>Bitte alte Kleidung anziehen.<\/p>\n<p>Beitrag: 60 \u20ac + 8 \u20ac Material, Erm\u00e4\u00dfigung m\u00f6glich<\/p>\n<p>Wir treffen uns an vier Donnerstagen, am 04.05., 11.05., 18.05. und 01.06., jeweils von 16.00 bis 17.30 Uhr im Workshopraum des Degginger, Wahlenstr. 17, 93047 Regensburg.<\/p>\n<p>&nbsp;<br \/>\nInfos und Anmeldung unter: 09401-9 53 93 55\u00a0 \/\u00a0 <a href=\"mailto:info@kreativ-mit-Sinn.de\">info@kreativ-mit-Sinn.de<\/a><\/p>\n","protected":false},"excerpt":{"rendered":"<p>&nbsp; Wir erforschen Fragen zu deinem Leben: Was geh\u00f6rt zu mir und meinem Leben? Welche St\u00e4rke kann ich in mir finden? Welches Gef\u00fchl ist mir gerade wichtig? Wo f\u00fchle ich mich wohl und geborgen? Dazu kleben wir eine Collage, malen, h\u00f6ren kleine Geschichten, kleiden eine Schuhschachtel und gestalten mit Stoffen und Krimskrams. Jeder gestaltet dabei <a class=\"read-more\" href=\"http:\/\/kreativ-mit-sinn.de\/?page_id=178\">mehr<\/a><\/p>\n","protected":false},"author":1,"featured_media":0,"parent":6,"menu_order":0,"comment_status":"closed","ping_status":"closed","template":"","meta":{"footnotes":""},"class_list":["post-178","page","type-page","status-publish","hentry"],"_links":{"self":[{"href":"http:\/\/kreativ-mit-sinn.de\/index.php?rest_route=\/wp\/v2\/pages\/178","targetHints":{"allow":["GET"]}}],"collection":[{"href":"http:\/\/kreativ-mit-sinn.de\/index.php?rest_route=\/wp\/v2\/pages"}],"about":[{"href":"http:\/\/kreativ-mit-sinn.de\/index.php?rest_route=\/wp\/v2\/types\/page"}],"author":[{"embeddable":true,"href":"http:\/\/kreativ-mit-sinn.de\/index.php?rest_route=\/wp\/v2\/users\/1"}],"replies":[{"embeddable":true,"href":"http:\/\/kreativ-mit-sinn.de\/index.php?rest_route=%2Fwp%2Fv2%2Fcomments&post=178"}],"version-history":[{"count":7,"href":"http:\/\/kreativ-mit-sinn.de\/index.php?rest_route=\/wp\/v2\/pages\/178\/revisions"}],"predecessor-version":[{"id":193,"href":"http:\/\/kreativ-mit-sinn.de\/index.php?rest_route=\/wp\/v2\/pages\/178\/revisions\/193"}],"up":[{"embeddable":true,"href":"http:\/\/kreativ-mit-sinn.de\/index.php?rest_route=\/wp\/v2\/pages\/6"}],"wp:attachment":[{"href":"http:\/\/kreativ-mit-sinn.de\/index.php?rest_route=%2Fwp%2Fv2%2Fmedia&parent=178"}],"curies":[{"name":"wp","href":"https:\/\/api.w.org\/{rel}","templated":true}]}}