{"id":294,"date":"2019-06-13T22:27:29","date_gmt":"2019-06-13T22:27:29","guid":{"rendered":"http:\/\/kreativ-mit-sinn.de\/?page_id=294"},"modified":"2024-07-04T22:32:55","modified_gmt":"2024-07-04T22:32:55","slug":"formales","status":"publish","type":"page","link":"http:\/\/kreativ-mit-sinn.de\/?page_id=294","title":{"rendered":"Formales"},"content":{"rendered":"<h4><img loading=\"lazy\" decoding=\"async\" class=\"alignleft size-full wp-image-305\" src=\"http:\/\/kreativ-mit-sinn.de\/wp-content\/uploads\/2019\/06\/formal.jpg\" alt=\"\" width=\"250\" height=\"250\" srcset=\"http:\/\/kreativ-mit-sinn.de\/wp-content\/uploads\/2019\/06\/formal.jpg 250w, http:\/\/kreativ-mit-sinn.de\/wp-content\/uploads\/2019\/06\/formal-150x150.jpg 150w\" sizes=\"auto, (max-width: 250px) 100vw, 250px\" \/><\/h4>\n<h4><\/h4>\n<h3><\/h3>\n<h3><strong><br \/>\nGespr\u00e4ch mit kreativer Note <\/strong><\/h3>\n<h5><strong>Einzelgespr\u00e4ch f\u00fcr Frauen<\/strong><\/h5>\n<p><strong>\u00a0<\/strong><\/p>\n<p><strong>Honorierung<\/strong><\/p>\n<p>richtet sich nach Ihren finanziellen M\u00f6glichkeiten<\/p>\n<p>60 Minuten 40 \u2013 <strong>50<\/strong> \u2013 <strong>60<\/strong> \u2013 70 \u20ac<\/p>\n<p>90 Minuten 60 \u2013 <strong>75<\/strong> \u2013 <strong>90<\/strong> \u2013 105 \u20ac<\/p>\n<p>zum pers\u00f6nlichen Kennenlernen etwa 20 Minuten 15 &#8211; <strong>20<\/strong>\u00a0 &#8211; 25 \u20ac<\/p>\n<p>&nbsp;<\/p>\n<p><strong>Ort<\/strong><\/p>\n<p>im Cafe oder in der Natur<\/p>\n<p>wir verabreden uns individuell<\/p>\n<p>&nbsp;<\/p>\n<h3><strong>Themen-Workshop f\u00fcr Frauen<\/strong><\/h3>\n<p>&nbsp;<\/p>\n<p>Inhalt, Honorar, Ort und Details<\/p>\n<p>stehen\u00a0 unter <a href=\"https:\/\/kreativ-mit-sinn.de\/?page_id=6\">Aktuelles<\/a> jeweils dabei<\/p>\n<p>sollte Ihnen eine Teilnahme nur bei einem kleineren Honorar m\u00f6glich sein, fragen Sie mich einfach danach<\/p>\n<p>&nbsp;<\/p>\n<p><strong>Kleidung<\/strong><\/p>\n<p>Bitte Kleidung anziehen, die auch mal ein bisschen Farbe abbekommen darf. Nicht jede Farbe geht beim Waschen wieder vollst\u00e4ndig raus.<\/p>\n<p>&nbsp;<\/p>\n<p><strong>Vorkenntnisse<\/strong><\/p>\n<p>Sie oder Ihr Kind brauchen keine Vorkenntnisse.<\/p>\n<p>&nbsp;<\/p>\n<p><strong>Selbstverantwortung<\/strong><\/p>\n<p>Sie nehmen an dem Angebot auf eigenen Wunsch und in voller Verantwortung f\u00fcr sich selbst und f\u00fcr ihre Handlungen teil.<\/p>\n<p>Sie best\u00e4tigen f\u00fcr Ihr Kind die k\u00f6rperliche und seelische Eignung zur Teilnahme an dem Angebot.<\/p>\n<p>&nbsp;<\/p>\n<p><strong>Schweigepflicht<\/strong><\/p>\n<p>Selbstverst\u00e4ndlich halte ich mich an die Schweigepflicht und behandle unsere Gespr\u00e4chsinhalte vertraulich.<\/p>\n<p>&nbsp;<\/p>\n<p><strong>Kontakt<\/strong><\/p>\n<p>F\u00fcr erste Informationen k\u00f6nnen Sie sich gerne vorab telefonisch unter 09401.9 53 93 55 oder per Mail an <a href=\"mailto:info@kreativ-mit-Sinn.de\">info@kreativ-mit-Sinn.de<\/a> an mich wenden.<br \/>\nIch freue mich, von Ihnen zu h\u00f6ren.<\/p>\n<p>&nbsp;<\/p>\n<p>&nbsp;<\/p>\n<p>&nbsp;<\/p>\n","protected":false},"excerpt":{"rendered":"<p>Gespr\u00e4ch mit kreativer Note Einzelgespr\u00e4ch f\u00fcr Frauen \u00a0 Honorierung richtet sich nach Ihren finanziellen M\u00f6glichkeiten 60 Minuten 40 \u2013 50 \u2013 60 \u2013 70 \u20ac 90 Minuten 60 \u2013 75 \u2013 90 \u2013 105 \u20ac zum pers\u00f6nlichen Kennenlernen etwa 20 Minuten 15 &#8211; 20\u00a0 &#8211; 25 \u20ac &nbsp; Ort im Cafe oder in der Natur <a class=\"read-more\" href=\"http:\/\/kreativ-mit-sinn.de\/?page_id=294\">mehr<\/a><\/p>\n","protected":false},"author":1,"featured_media":0,"parent":0,"menu_order":0,"comment_status":"closed","ping_status":"closed","template":"","meta":{"footnotes":""},"class_list":["post-294","page","type-page","status-publish","hentry"],"_links":{"self":[{"href":"http:\/\/kreativ-mit-sinn.de\/index.php?rest_route=\/wp\/v2\/pages\/294","targetHints":{"allow":["GET"]}}],"collection":[{"href":"http:\/\/kreativ-mit-sinn.de\/index.php?rest_route=\/wp\/v2\/pages"}],"about":[{"href":"http:\/\/kreativ-mit-sinn.de\/index.php?rest_route=\/wp\/v2\/types\/page"}],"author":[{"embeddable":true,"href":"http:\/\/kreativ-mit-sinn.de\/index.php?rest_route=\/wp\/v2\/users\/1"}],"replies":[{"embeddable":true,"href":"http:\/\/kreativ-mit-sinn.de\/index.php?rest_route=%2Fwp%2Fv2%2Fcomments&post=294"}],"version-history":[{"count":32,"href":"http:\/\/kreativ-mit-sinn.de\/index.php?rest_route=\/wp\/v2\/pages\/294\/revisions"}],"predecessor-version":[{"id":514,"href":"http:\/\/kreativ-mit-sinn.de\/index.php?rest_route=\/wp\/v2\/pages\/294\/revisions\/514"}],"wp:attachment":[{"href":"http:\/\/kreativ-mit-sinn.de\/index.php?rest_route=%2Fwp%2Fv2%2Fmedia&parent=294"}],"curies":[{"name":"wp","href":"https:\/\/api.w.org\/{rel}","templated":true}]}}

<h4><img loading="lazy" decoding="async" class="alignleft size-full wp-image-305" src="http://kreativ-mit-sinn.de/wp-content/uploads/2019/06/formal.jpg" alt="" width="250" height="250" srcset="http://kreativ-mit-sinn.de/wp-content/uploads/2019/06/formal.jpg 250w, http://kreativ-mit-sinn.de/wp-content/uploads/2019/06/formal-150x150.jpg 150w" sizes="auto, (max-width: 250px) 100vw, 250px" /></h4>
<h4></h4>
<h3></h3>
<h3><strong><br />
Gespräch mit kreativer Note </strong></h3>
<h5><strong>Einzelgespräch für Frauen</strong></h5>
<p><strong> </strong></p>
<p><strong>Honorierung</strong></p>
<p>richtet sich nach Ihren finanziellen Möglichkeiten</p>
<p>60 Minuten 40 – <strong>50</strong> – <strong>60</strong> – 70 €</p>
<p>90 Minuten 60 – <strong>75</strong> – <strong>90</strong> – 105 €</p>
<p>zum persönlichen Kennenlernen etwa 20 Minuten 15 &#8211; <strong>20</strong>  &#8211; 25 €</p>
<p>&nbsp;</p>
<p><strong>Ort</strong></p>
<p>im Cafe oder in der Natur</p>
<p>wir verabreden uns individuell</p>
<p>&nbsp;</p>
<h3><strong>Themen-Workshop für Frauen</strong></h3>
<p>&nbsp;</p>
<p>Inhalt, Honorar, Ort und Details</p>
<p>stehen  unter <a href="https://kreativ-mit-sinn.de/?page_id=6">Aktuelles</a> jeweils dabei</p>
<p>sollte Ihnen eine Teilnahme nur bei einem kleineren Honorar möglich sein, fragen Sie mich einfach danach</p>
<p>&nbsp;</p>
<p><strong>Kleidung</strong></p>
<p>Bitte Kleidung anziehen, die auch mal ein bisschen Farbe abbekommen darf. Nicht jede Farbe geht beim Waschen wieder vollständig raus.</p>
<p>&nbsp;</p>
<p><strong>Vorkenntnisse</strong></p>
<p>Sie oder Ihr Kind brauchen keine Vorkenntnisse.</p>
<p>&nbsp;</p>
<p><strong>Selbstverantwortung</strong></p>
<p>Sie nehmen an dem Angebot auf eigenen Wunsch und in voller Verantwortung für sich selbst und für ihre Handlungen teil.</p>
<p>Sie bestätigen für Ihr Kind die körperliche und seelische Eignung zur Teilnahme an dem Angebot.</p>
<p>&nbsp;</p>
<p><strong>Schweigepflicht</strong></p>
<p>Selbstverständlich halte ich mich an die Schweigepflicht und behandle unsere Gesprächsinhalte vertraulich.</p>
<p>&nbsp;</p>
<p><strong>Kontakt</strong></p>
<p>Für erste Informationen können Sie sich gerne vorab telefonisch unter 09401.9 53 93 55 oder per Mail an <a href="mailto:info@kreativ-mit-Sinn.de">info@kreativ-mit-Sinn.de</a> an mich wenden.<br />
Ich freue mich, von Ihnen zu hören.</p>
<p>&nbsp;</p>
<p>&nbsp;</p>
<p>&nbsp;</p>

<p>Gespräch mit kreativer Note Einzelgespräch für Frauen   Honorierung richtet sich nach Ihren finanziellen Möglichkeiten 60 Minuten 40 – 50 – 60 – 70 € 90 Minuten 60 – 75 – 90 – 105 € zum persönlichen Kennenlernen etwa 20 Minuten 15 &#8211; 20  &#8211; 25 € &nbsp; Ort im Cafe oder in der Natur <a class="read-more" href="http://kreativ-mit-sinn.de/?page_id=294">mehr</a></p>
