{"id":79,"date":"2016-08-03T20:07:31","date_gmt":"2016-08-03T20:07:31","guid":{"rendered":"http:\/\/kreativ-mit-sinn.de\/?page_id=79"},"modified":"2022-07-26T21:31:14","modified_gmt":"2022-07-26T21:31:14","slug":"beweggruende","status":"publish","type":"page","link":"http:\/\/kreativ-mit-sinn.de\/?page_id=79","title":{"rendered":"Meine Beweggr\u00fcnde"},"content":{"rendered":"<h4><img loading=\"lazy\" decoding=\"async\" class=\"size-full wp-image-80 alignleft\" src=\"http:\/\/kreativ-mit-sinn.de\/wp-content\/uploads\/2016\/08\/beweggr.jpg\" alt=\"beweggr\" width=\"300\" height=\"300\" srcset=\"http:\/\/kreativ-mit-sinn.de\/wp-content\/uploads\/2016\/08\/beweggr.jpg 300w, http:\/\/kreativ-mit-sinn.de\/wp-content\/uploads\/2016\/08\/beweggr-150x150.jpg 150w\" sizes=\"auto, (max-width: 300px) 100vw, 300px\" \/><\/h4>\n<p>dazu einladen, tiefere Freundschaft mit sich und seinem Leben zu schlie\u00dfen<\/p>\n<p>ein feines und menschliches miteinander sein<\/p>\n<p>sich freuen an den Farben, am Gestalten, Experimentieren und Tun<\/p>\n<p>inspirieren mit neuen M\u00f6glichkeiten und Ideen<\/p>\n<p>&nbsp;<\/p>\n<p>Ich wollt so gern was mit Herz machen, mit Herzenskraft, das Herz bewegend<\/p>\n<p>und Menschen in ihrem eigenen Sinn und ihrer Individualit\u00e4t ermutigen<\/p>\n<p>wohltuend, unterst\u00fctzend und bewegend f\u00fcr die eigene Person<\/p>\n<p>&nbsp;<\/p>\n<p>Zudem glaube ich, dass die Zukunft der Menschen ganz entscheidend davon gepr\u00e4gt sein wird, an welchem Menschenbild wir uns orientieren.<\/p>\n<p>Mein Leben, eine Suche nach einem Menschen- und Weltbild, f\u00fcr das es sich zu leben lohnt, dem Menschen wahrhaftig zum Wohle.<\/p>\n<p>In diesem Sinne m\u00f6chte ich in meinen Stunden ein kleines St\u00fcckchen davon lebendig werden lassen, Sternchen f\u00fcr Sternchen, und Steinchen um Steinchen.<\/p>\n<p>&nbsp;<\/p>\n<p><strong>Stilles Reifen<\/strong><\/p>\n<p>\u201eAlles f\u00fcgt sich und erf\u00fcllt sich,<\/p>\n<p>musst es nur erwarten k\u00f6nnen<\/p>\n<p>und dem Werden deines Gl\u00fcckes<\/p>\n<p>Jahr und Felder reichlich g\u00f6nnen.<\/p>\n<p>&nbsp;<\/p>\n<p>Bis du eines Tages jenen<\/p>\n<p>reifen Duft der K\u00f6rner sp\u00fcrest<\/p>\n<p>und dich aufmachst und die Ernte<\/p>\n<p>in die tiefen Speicher f\u00fchrest.\u201c<\/p>\n<p>&nbsp;<\/p>\n<p>Christian Morgenstern<\/p>\n<p>&nbsp;<\/p>\n<p>&nbsp;<\/p>\n","protected":false},"excerpt":{"rendered":"<p>dazu einladen, tiefere Freundschaft mit sich und seinem Leben zu schlie\u00dfen ein feines und menschliches miteinander sein sich freuen an den Farben, am Gestalten, Experimentieren und Tun inspirieren mit neuen M\u00f6glichkeiten und Ideen &nbsp; Ich wollt so gern was mit Herz machen, mit Herzenskraft, das Herz bewegend und Menschen in ihrem eigenen Sinn und ihrer <a class=\"read-more\" href=\"http:\/\/kreativ-mit-sinn.de\/?page_id=79\">mehr<\/a><\/p>\n","protected":false},"author":1,"featured_media":0,"parent":43,"menu_order":0,"comment_status":"closed","ping_status":"closed","template":"template-full-width.php","meta":{"footnotes":""},"class_list":["post-79","page","type-page","status-publish","hentry"],"_links":{"self":[{"href":"http:\/\/kreativ-mit-sinn.de\/index.php?rest_route=\/wp\/v2\/pages\/79","targetHints":{"allow":["GET"]}}],"collection":[{"href":"http:\/\/kreativ-mit-sinn.de\/index.php?rest_route=\/wp\/v2\/pages"}],"about":[{"href":"http:\/\/kreativ-mit-sinn.de\/index.php?rest_route=\/wp\/v2\/types\/page"}],"author":[{"embeddable":true,"href":"http:\/\/kreativ-mit-sinn.de\/index.php?rest_route=\/wp\/v2\/users\/1"}],"replies":[{"embeddable":true,"href":"http:\/\/kreativ-mit-sinn.de\/index.php?rest_route=%2Fwp%2Fv2%2Fcomments&post=79"}],"version-history":[{"count":7,"href":"http:\/\/kreativ-mit-sinn.de\/index.php?rest_route=\/wp\/v2\/pages\/79\/revisions"}],"predecessor-version":[{"id":441,"href":"http:\/\/kreativ-mit-sinn.de\/index.php?rest_route=\/wp\/v2\/pages\/79\/revisions\/441"}],"up":[{"embeddable":true,"href":"http:\/\/kreativ-mit-sinn.de\/index.php?rest_route=\/wp\/v2\/pages\/43"}],"wp:attachment":[{"href":"http:\/\/kreativ-mit-sinn.de\/index.php?rest_route=%2Fwp%2Fv2%2Fmedia&parent=79"}],"curies":[{"name":"wp","href":"https:\/\/api.w.org\/{rel}","templated":true}]}}

Meine Beweggründe

<h4><img loading="lazy" decoding="async" class="size-full wp-image-80 alignleft" src="http://kreativ-mit-sinn.de/wp-content/uploads/2016/08/beweggr.jpg" alt="beweggr" width="300" height="300" srcset="http://kreativ-mit-sinn.de/wp-content/uploads/2016/08/beweggr.jpg 300w, http://kreativ-mit-sinn.de/wp-content/uploads/2016/08/beweggr-150x150.jpg 150w" sizes="auto, (max-width: 300px) 100vw, 300px" /></h4>
<p>dazu einladen, tiefere Freundschaft mit sich und seinem Leben zu schließen</p>
<p>ein feines und menschliches miteinander sein</p>
<p>sich freuen an den Farben, am Gestalten, Experimentieren und Tun</p>
<p>inspirieren mit neuen Möglichkeiten und Ideen</p>
<p>&nbsp;</p>
<p>Ich wollt so gern was mit Herz machen, mit Herzenskraft, das Herz bewegend</p>
<p>und Menschen in ihrem eigenen Sinn und ihrer Individualität ermutigen</p>
<p>wohltuend, unterstützend und bewegend für die eigene Person</p>
<p>&nbsp;</p>
<p>Zudem glaube ich, dass die Zukunft der Menschen ganz entscheidend davon geprägt sein wird, an welchem Menschenbild wir uns orientieren.</p>
<p>Mein Leben, eine Suche nach einem Menschen- und Weltbild, für das es sich zu leben lohnt, dem Menschen wahrhaftig zum Wohle.</p>
<p>In diesem Sinne möchte ich in meinen Stunden ein kleines Stückchen davon lebendig werden lassen, Sternchen für Sternchen, und Steinchen um Steinchen.</p>
<p>&nbsp;</p>
<p><strong>Stilles Reifen</strong></p>
<p>„Alles fügt sich und erfüllt sich,</p>
<p>musst es nur erwarten können</p>
<p>und dem Werden deines Glückes</p>
<p>Jahr und Felder reichlich gönnen.</p>
<p>&nbsp;</p>
<p>Bis du eines Tages jenen</p>
<p>reifen Duft der Körner spürest</p>
<p>und dich aufmachst und die Ernte</p>
<p>in die tiefen Speicher führest.“</p>
<p>&nbsp;</p>
<p>Christian Morgenstern</p>
<p>&nbsp;</p>
<p>&nbsp;</p>

<p>dazu einladen, tiefere Freundschaft mit sich und seinem Leben zu schließen ein feines und menschliches miteinander sein sich freuen an den Farben, am Gestalten, Experimentieren und Tun inspirieren mit neuen Möglichkeiten und Ideen &nbsp; Ich wollt so gern was mit Herz machen, mit Herzenskraft, das Herz bewegend und Menschen in ihrem eigenen Sinn und ihrer <a class="read-more" href="http://kreativ-mit-sinn.de/?page_id=79">mehr</a></p>
